hat is the highest common factor of b and 37?
37
Let j(b) = 32*b. Let q be j(2). Let i = q - 34. What is the highest common divisor of 6 and i?
6
Let i = -82 - -133. What is the highest common divisor of i and 85?
17
Let m = 188 - 172. Calculate the highest common factor of m and 40.
8
Let v(n) = 12*n**2 + n + 1. Let m be v(-1). Suppose -g + 29 + 19 = 0. What is the highest common factor of m and g?
12
Let a(x) = x**2 - 4*x - 3. Let s be a(7). Let n = 213 + -87. What is the highest common divisor of s and n?
18
Let l = 12 - 7. Suppose o = 11 - l. Suppose 2*f - 54 = 3*k, -k - 4 = -2. What is the highest common divisor of f and o?
6
Let h = -536 - -1884. Suppose -4*z = -h + 512. Suppose 37 = 3*a + 5*d, -4*d = 4*a + d - 56. What is the greatest common factor of z and a?
19
Let q be (13/3 - 5)/(1/(-21)). What is the greatest common divisor of q and 266?
14
Suppose 2*v - 7*v - 180 = 0. Let s = v - -16. Let y = 34 + s. Calculate the highest common divisor of y and 56.
14
Let l be (30/4)/(57/304). What is the greatest common divisor of 20 and l?
20
Let y(u) = u**3 - 5*u**2 + 8*u - 7. Let s be y(5). Suppose -15 + 9 = 2*t. Let z = t + 14. Calculate the greatest common factor of z and s.
11
Let r = 58 - 30. What is the highest common factor of 112 and r?
28
Let n(b) = -2 + 0*b + 3*b + 5. Let j be n(3). What is the highest common factor of j and 30?
6
Let b = -1 - -4. Let r = -68 - -43. Let n be (-2)/(2/r) - -2. What is the highest common divisor of n and b?
3
Let b = -50 + 90. Suppose -2*c + 25 = 3*c. Suppose a = -c*z - 2*a + 40, 0 = 3*a. What is the highest common divisor of z and b?
8
Let f be 4/(-8) - (-5)/2. Suppose 0 = 5*t + 4*m - f*m - 42, 2*t - 14 = 2*m. What is the highest common divisor of t and 4?
4
Let p(k) = k**3 + 7*k**2 - k + 1. Let o be p(-7). What is the highest common divisor of 72 and o?
8
Suppose 48 = 4*g - 0*g + 3*c, 4*g - 5*c = 48. What is the greatest common divisor of g and 108?
12
Let l = 1 + -1. Let v = l - 2. Let k = v + 11. What is the greatest common factor of k and 27?
9
Let q be 4/2*(32 + -1). Let i be (-20)/(-2)*1/2. Suppose 0 = -5*x + 4*v - v + q, 5*v = i*x - 60. Calculate the highest common factor of x and 52.
13
Suppose 0 = -4*f + 13*f - 108. Let i = -45 + 177. What is the highest common divisor of f and i?
12
Let t(d) = -d**3 + 3*d**2 + d - 3. Let n be t(-2). Calculate the greatest common factor of n and 6.
3
Let j = -43 + 82. What is the highest common divisor of j and 156?
39
Let c be (-2)/(-8) + 57/12. Suppose -2*y - 230 = -7*y + 5*k, 4*y = -3*k + 177. Suppose 2*t = t + y. What is the greatest common divisor of c and t?
5
Suppose 5 = 4*w + 5*g, g = 2*w - 0*w - 13. Suppose -20 = w*l - 100. Suppose -3*i = -188 + 182. What is the highest common divisor of l and i?
2
Let v = -4 + 6. Let k be 5*(18/15)/v. Let n be (-1)/k*-3 - -9. What is the greatest common divisor of 30 and n?
10
Let m(i) = i**2 - 2*i - 8. Let k be m(-8). Calculate the highest common factor of 32 and k.
8
Let k(m) be the first derivative of -m**4/4 + 16*m + 3. Let f be k(0). What is the greatest common factor of f and 16?
16
Let l be ((-2)/4)/(4/(-104)). What is the greatest common divisor of l and 91?
13
Let j(l) = l**3 + 7*l**2 - 15*l - 24. Let p be j(-8). What is the highest common divisor of 144 and p?
16
Let x be (-5)/2*22/(-5). Let l = 28 - x. What is the greatest common divisor of 119 and l?
17
Let i = -43 - -64. Suppose -3*s = -0 - i. Calculate the highest common divisor of 7 and s.
7
Let f(w) = w**2 + 11*w + 1. Let r(v) = -7*v + 2. Let s be r(2). Let x be f(s). Calculate the highest common factor of x and 104.
13
Let n be 1985/10 - 2/4. Suppose -n = 4*c - 498. Let y = c - 36. Calculate the greatest common divisor of 26 and y.
13
Let y = 28 + -27. Let r be (-1 - 1) + y + 3. What is the greatest common divisor of r and 14?
2
Let n = -34 - -46. Calculate the highest common divisor of n and 108.
12
Suppose s - 7*s = -264. Suppose 4 = 4*q - s. Calculate the greatest common divisor of q and 8.
4
Suppose 2*z - 23 - 21 = 0. Let b(i) = -180*i**3 + 2*i**2 + i. Let r be b(-1). Let k = r - 93. Calculate the highest common divisor of z and k.
22
Let b = 48 - 27. Let y = -20 + 118. Suppose -4*x + 104 + y = 2*v, -3*v + 323 = -4*x. What is the greatest common divisor of b and v?
21
Suppose -4 = c - 4*d, d + 0*d = -3*c + 40. Calculate the highest common factor of c and 30.
6
Let i be ((-2)/(-1))/((-8)/(-64)). Let f be (4/(-3))/((-2)/6). Suppose -f*x = -251 + 91. What is the highest common divisor of x and i?
8
Suppose -2 + 18 = y. Let c be 1/4 - (-76)/y. Let f(s) = -s**2 - 16*s - 20. Let n be f(-11). What is the greatest common divisor of n and c?
5
Suppose r - 4 + 5 = i, -2*i = -r - 5. Let z = 14 + i. Suppose -5*o + 3*x + 84 = 0, -6*x = 2*o - 4*x - 40. What is the highest common factor of o and z?
18
Suppose 4*v = 3*i + 576, -5*v = i + 78 - 798. Calculate the highest common divisor of 16 and v.
16
Let u be (27/18)/(3/4). Let x be -2*(-1 + 2 - u). Suppose -x = -b + 1. Calculate the greatest common factor of 12 and b.
3
Let h(b) = b**3 + 22*b**2 + 12*b - 49. Let j be h(-21). What is the highest common divisor of 56 and j?
28
Let q = -43 + 81. Let p = q + -27. Let i be (-159)/(-15) - (-2)/5. Calculate the highest common divisor of i and p.
11
Suppose 3030 - 3008 = 2*l. Let i be 438/5 - (-2)/5. What is the greatest common factor of l and i?
11
Let a(s) = 4*s + 32. Let d be a(-5). What is the greatest common factor of d and 42?
6
Let g = -64 - -122. Let t = g - -32. Let v be (0 + -1)*-9 + 1. What is the greatest common factor of v and t?
10
Let o(r) = -4*r**3 + r**2 + r - 1. Let a be o(1). Let q be (5/a)/((-4)/24). Suppose -5*v + 55 - q = 0. What is the greatest common factor of v and 9?
9
Let d be 1/1*(3 + 25). Calculate the greatest common divisor of d and 42.
14
Let k be ((-12)/(-20))/((-2)/(-20)). Let m(q) = q**2 - 7*q + 7. Let f be m(k). Calculate the greatest common factor of 3 and f.
1
Let w = 0 + 2. Suppose -2*b + 0*b - v + 7 = 0, 2*v - w = 0. What is the greatest common divisor of 3 and b?
3
Suppose 177 = a - 162. Suppose a = -4*m + 1023. What is the highest common factor of 19 and m?
19
Suppose 0 = -2*n - 3*n - 3*u + 200, 5*u = 5*n - 200. Let c be (12/(-8))/((-6)/n). What is the highest common factor of 2 and c?
2
Suppose -4*q + 29 = -3*w - 121, -3*q - 4*w + 125 = 0. Let v(o) = 6*o**2 - o. Let t be v(-2). Calculate the greatest common factor of q and t.
13
Suppose -d + 360 = 4*d. Calculate the highest common divisor of d and 9.
9
Suppose -2*v + 9 = l, -3*v = 5*l - 22 - 30. Let n be 1/((-2)/(-4)) + 0. Suppose 2*s + n*s = 44. Calculate the greatest common factor of s and l.
11
Suppose 0 = 3*l + 3*l - 156. Calculate the greatest common factor of l and 13.
13
Let a(c) = -12*c + 11*c + 4 + 4. Let n be a(4). Calculate the greatest common factor of n and 8.
4
Suppose o + 0 = m + 3, o - 9 = -2*m. Let v = 39 + -19. What is the highest common factor of v and m?
2
Let z = -24 + 27. Calculate the highest common factor of z and 3.
3
Let u = -19 + 1. Let g be u/4 + 8/16. Let y be 43/4 - 1/g. What is the highest common factor of y and 11?
11
Let r be (-2 - 2)/((8/(-90))/2). Calculate the greatest common divisor of r and 10.
10
Let u be (8/(-10))/((-4)/70). Suppose q = 15 + 27. Suppose 0*n - 3*n = -q. What is the highest common factor of u and n?
14
Suppose q - 4*g - 17 = 0, 5*q + 2*g = -g + 16. Suppose -q*z - 15 = 0, -5*a - 3 = z - 5. Suppose k - 4 = a. What is the greatest common divisor of 5 and k?
5
Let v be (6/10)/((-4)/(-100)). Let u be 8/10*v/2. Let q be u + (8 + -2 - 3). Calculate the highest common factor of 54 and q.
9
Let b be 69/15 + 4/10. Suppose -r - 170 = 4*r + b*j, 129 = -4*r + 3*j. Let p = 3 - r. Calculate the greatest common divisor of p and 12.
12
Suppose o = 2*s - 5, -o - 1 = -0*o. Suppose -2*b + 124 = 4*i, 16 = s*b - i - 113. Calculate the greatest common factor of 8 and b.
8
Suppose 0 = -4*s - 5*j + 18, -2*j = -5*s + 4 + 2. Calculate the highest common divisor of 6 and s.
2
Suppose 0 = -3*q + 5*u + 21, -4*q + 28 = 3*u - 6*u. Let p be (-26)/(-10) - 4/(-10). Let l be -28*(-4 + 9/p). Calculate the greatest common divisor of q and l.
7
Let c be 157/(-3*2/(-6)). Let h = c + -107. Suppose -4*n + 83 - 3 = 0. Calculate the highest common divisor of n a